{"id":56,"date":"2023-10-24T16:26:55","date_gmt":"2023-10-24T14:26:55","guid":{"rendered":"http:\/\/subpynw.cluster028.hosting.ovh.net\/?page_id=56"},"modified":"2026-02-01T18:37:34","modified_gmt":"2026-02-01T17:37:34","slug":"bapteme","status":"publish","type":"page","link":"https:\/\/paroisseherblay.fr\/index.php\/celebrer\/bapteme\/","title":{"rendered":"Bapt\u00eame"},"content":{"rendered":"\n<p>En se faisant baptiser par Jean, J\u00e9sus, nous a ouvert le chemin pour le suivre. Le bapt\u00eame est le premier des sacrements. Par lui, nous entrons dans la vie chr\u00e9tienne. Il est la pierre sur laquelle va se construire toute une vie de foi faisant grandir la famille des chr\u00e9tiens.<\/p>\n\n\n\n<p><strong>Bapt\u00eame des petits enfants de 0 \u00e0 4 ans :<\/strong><br>Prendre contact au moins 2 mois avant de fixer la date de la c\u00e9l\u00e9bration.<br>Une r\u00e9union collective de parents avec le P\u00e8re Samuel ou le P\u00e8re Patrice ou un des diacres est pr\u00e9vue (elle a lieu une fois par mois), puis une autre&nbsp;dans le mois pr\u00e9c\u00e9dant le bapt\u00eame, avec&nbsp;des animateurs, pour les parents qui font baptiser leur enfant le m\u00eame jour, afin de b\u00e2tir la c\u00e9l\u00e9bration.<br><br>Pour les enfants de 3 \u00e0 4 ans : un rendez-vous de pr\u00e9paration individuelle est propos\u00e9 avec l\u2019animatrice de l\u2019\u00e9veil \u00e0 la foi.<\/p>\n\n\n\n<p><strong>Pour les enfants de 4 \u00e0 7 ans :<\/strong><br>Il est demand\u00e9 de les inscrire \u00e0 l\u2019\u00e9veil \u00e0 la foi en d\u00e9but d\u2019ann\u00e9e scolaire (une fois par mois le dimanche \u00e0 10h30) et ils pourront \u00eatre baptis\u00e9s en fin d\u2019ann\u00e9e scolaire.<\/p>\n\n\n\n<p>Dans ces deux premiers cas\u00a0remplissez le\u00a0<strong><a data-type=\"link\" data-id=\"https:\/\/forms.gle\/kkH8CiuAojUeR9JH7\" href=\"https:\/\/forms.gle\/kkH8CiuAojUeR9JH7\">formulaire en ligne<\/a><\/strong>\u00a0sur ce lien, qui vous donnera les informations n\u00e9cessaires ou\u00a0<strong>contactez Laurence DAGUENET et Maria BOCCHETTI<\/strong>\u00a0de pr\u00e9f\u00e9rence par mail \u00e0\u00a0<a href=\"mailto:Bapteme.herblay@gmail.com\" target=\"_blank\" rel=\"noreferrer noopener\">Bapteme.herblay@gmail.com<\/a>. Vous pouvez aussi l\u2019appeler g\u00e9n\u00e9ralement le mercredi au <a data-type=\"tel\" data-id=\"tel:0139971127\" href=\"tel:0139971127\">01 39 97 11 27<\/a> entre 16h et 18h (sauf vacances scolaires).<\/p>\n\n\n\n<p><strong>A partir de 8 ans :<\/strong>&nbsp;Participation au Cat\u00e9chisme pendant au moins une ann\u00e9e, et pr\u00e9paration avec les enfants.<\/p>\n\n\n\n<p><strong>Coll\u00e8ge et Lyc\u00e9e<\/strong>&nbsp;: Participer \u00e0 l\u2019Aum\u00f4nerie, et voir avec son responsable (pr\u00e9parations sur demande).<\/p>\n\n\n\n<p><strong>Grands jeunes et adultes :<\/strong>&nbsp;Prendre Rendez-vous avec le P\u00e8re Samuel aupr\u00e8s du&nbsp;<a href=\"https:\/\/paroisseherblay.fr\/index.php\/contacts\/\" data-type=\"page\" data-id=\"16\">secr\u00e9tariat<\/a>.<\/p>\n","protected":false},"excerpt":{"rendered":"<p>En se faisant baptiser par Jean, J\u00e9sus, nous a ouvert le chemin pour le<span class=\"more-dots\">&#8230;<\/span><\/p>\n","protected":false},"author":1,"featured_media":0,"parent":470,"menu_order":1,"comment_status":"closed","ping_status":"closed","template":"","meta":{"footnotes":""},"class_list":["post-56","page","type-page","status-publish","hentry","no-post-thumbnail"],"yoast_head":"<!-- This site is optimized with the Yoast SEO plugin v27.5 - https:\/\/yoast.com\/product\/yoast-seo-wordpress\/ -->\n<title>Bapt\u00eame - Paroisse d&#039;Herblay-sur-Seine<\/title>\n<meta name=\"robots\" content=\"index, follow, max-snippet:-1, max-image-preview:large, max-video-preview:-1\" \/>\n<link rel=\"canonical\" href=\"https:\/\/paroisseherblay.fr\/index.php\/celebrer\/bapteme\/\" \/>\n<meta property=\"og:locale\" content=\"fr_FR\" \/>\n<meta property=\"og:type\" content=\"article\" \/>\n<meta property=\"og:title\" content=\"Bapt\u00eame - Paroisse d&#039;Herblay-sur-Seine\" \/>\n<meta property=\"og:description\" content=\"En se faisant baptiser par Jean, J\u00e9sus, nous a ouvert le chemin pour le...\" \/>\n<meta property=\"og:url\" content=\"https:\/\/paroisseherblay.fr\/index.php\/celebrer\/bapteme\/\" \/>\n<meta property=\"og:site_name\" content=\"Paroisse d&#039;Herblay-sur-Seine\" \/>\n<meta property=\"article:publisher\" content=\"https:\/\/www.facebook.com\/paroisse.dherblay\" \/>\n<meta property=\"article:modified_time\" content=\"2026-02-01T17:37:34+00:00\" \/>\n<meta name=\"twitter:card\" content=\"summary_large_image\" \/>\n<meta name=\"twitter:label1\" content=\"Dur\u00e9e de lecture estim\u00e9e\" \/>\n\t<meta name=\"twitter:data1\" content=\"2 minutes\" \/>\n<script type=\"application\/ld+json\" class=\"yoast-schema-graph\">{\"@context\":\"https:\\\/\\\/schema.org\",\"@graph\":[{\"@type\":\"WebPage\",\"@id\":\"https:\\\/\\\/paroisseherblay.fr\\\/index.php\\\/celebrer\\\/bapteme\\\/\",\"url\":\"https:\\\/\\\/paroisseherblay.fr\\\/index.php\\\/celebrer\\\/bapteme\\\/\",\"name\":\"Bapt\u00eame - Paroisse d&#039;Herblay-sur-Seine\",\"isPartOf\":{\"@id\":\"https:\\\/\\\/paroisseherblay.fr\\\/#website\"},\"datePublished\":\"2023-10-24T14:26:55+00:00\",\"dateModified\":\"2026-02-01T17:37:34+00:00\",\"breadcrumb\":{\"@id\":\"https:\\\/\\\/paroisseherblay.fr\\\/index.php\\\/celebrer\\\/bapteme\\\/#breadcrumb\"},\"inLanguage\":\"fr-FR\",\"potentialAction\":[{\"@type\":\"ReadAction\",\"target\":[\"https:\\\/\\\/paroisseherblay.fr\\\/index.php\\\/celebrer\\\/bapteme\\\/\"]}]},{\"@type\":\"BreadcrumbList\",\"@id\":\"https:\\\/\\\/paroisseherblay.fr\\\/index.php\\\/celebrer\\\/bapteme\\\/#breadcrumb\",\"itemListElement\":[{\"@type\":\"ListItem\",\"position\":1,\"name\":\"Home\",\"item\":\"https:\\\/\\\/paroisseherblay.fr\\\/\"},{\"@type\":\"ListItem\",\"position\":2,\"name\":\"C\u00e9l\u00e9brer\",\"item\":\"https:\\\/\\\/paroisseherblay.fr\\\/index.php\\\/celebrer\\\/\"},{\"@type\":\"ListItem\",\"position\":3,\"name\":\"Bapt\u00eame\"}]},{\"@type\":\"WebSite\",\"@id\":\"https:\\\/\\\/paroisseherblay.fr\\\/#website\",\"url\":\"https:\\\/\\\/paroisseherblay.fr\\\/\",\"name\":\"Paroisse d'Herblay\",\"description\":\"\",\"publisher\":{\"@id\":\"https:\\\/\\\/paroisseherblay.fr\\\/#organization\"},\"alternateName\":\"ParoisseHerblay\",\"potentialAction\":[{\"@type\":\"SearchAction\",\"target\":{\"@type\":\"EntryPoint\",\"urlTemplate\":\"https:\\\/\\\/paroisseherblay.fr\\\/?s={search_term_string}\"},\"query-input\":{\"@type\":\"PropertyValueSpecification\",\"valueRequired\":true,\"valueName\":\"search_term_string\"}}],\"inLanguage\":\"fr-FR\"},{\"@type\":\"Organization\",\"@id\":\"https:\\\/\\\/paroisseherblay.fr\\\/#organization\",\"name\":\"Paroisse d'Herblay\",\"url\":\"https:\\\/\\\/paroisseherblay.fr\\\/\",\"logo\":{\"@type\":\"ImageObject\",\"inLanguage\":\"fr-FR\",\"@id\":\"https:\\\/\\\/paroisseherblay.fr\\\/#\\\/schema\\\/logo\\\/image\\\/\",\"url\":\"https:\\\/\\\/paroisseherblay.fr\\\/wp-content\\\/uploads\\\/2023\\\/10\\\/logo_paroisse.png\",\"contentUrl\":\"https:\\\/\\\/paroisseherblay.fr\\\/wp-content\\\/uploads\\\/2023\\\/10\\\/logo_paroisse.png\",\"width\":200,\"height\":207,\"caption\":\"Paroisse d'Herblay\"},\"image\":{\"@id\":\"https:\\\/\\\/paroisseherblay.fr\\\/#\\\/schema\\\/logo\\\/image\\\/\"},\"sameAs\":[\"https:\\\/\\\/www.facebook.com\\\/paroisse.dherblay\",\"https:\\\/\\\/www.youtube.com\\\/@paroisseherblay\",\"https:\\\/\\\/www.instagram.com\\\/paroisse.herblay\"]}]}<\/script>\n<!-- \/ Yoast SEO plugin. -->","yoast_head_json":{"title":"Bapt\u00eame - Paroisse d&#039;Herblay-sur-Seine","robots":{"index":"index","follow":"follow","max-snippet":"max-snippet:-1","max-image-preview":"max-image-preview:large","max-video-preview":"max-video-preview:-1"},"canonical":"https:\/\/paroisseherblay.fr\/index.php\/celebrer\/bapteme\/","og_locale":"fr_FR","og_type":"article","og_title":"Bapt\u00eame - Paroisse d&#039;Herblay-sur-Seine","og_description":"En se faisant baptiser par Jean, J\u00e9sus, nous a ouvert le chemin pour le...","og_url":"https:\/\/paroisseherblay.fr\/index.php\/celebrer\/bapteme\/","og_site_name":"Paroisse d&#039;Herblay-sur-Seine","article_publisher":"https:\/\/www.facebook.com\/paroisse.dherblay","article_modified_time":"2026-02-01T17:37:34+00:00","twitter_card":"summary_large_image","twitter_misc":{"Dur\u00e9e de lecture estim\u00e9e":"2 minutes"},"schema":{"@context":"https:\/\/schema.org","@graph":[{"@type":"WebPage","@id":"https:\/\/paroisseherblay.fr\/index.php\/celebrer\/bapteme\/","url":"https:\/\/paroisseherblay.fr\/index.php\/celebrer\/bapteme\/","name":"Bapt\u00eame - Paroisse d&#039;Herblay-sur-Seine","isPartOf":{"@id":"https:\/\/paroisseherblay.fr\/#website"},"datePublished":"2023-10-24T14:26:55+00:00","dateModified":"2026-02-01T17:37:34+00:00","breadcrumb":{"@id":"https:\/\/paroisseherblay.fr\/index.php\/celebrer\/bapteme\/#breadcrumb"},"inLanguage":"fr-FR","potentialAction":[{"@type":"ReadAction","target":["https:\/\/paroisseherblay.fr\/index.php\/celebrer\/bapteme\/"]}]},{"@type":"BreadcrumbList","@id":"https:\/\/paroisseherblay.fr\/index.php\/celebrer\/bapteme\/#breadcrumb","itemListElement":[{"@type":"ListItem","position":1,"name":"Home","item":"https:\/\/paroisseherblay.fr\/"},{"@type":"ListItem","position":2,"name":"C\u00e9l\u00e9brer","item":"https:\/\/paroisseherblay.fr\/index.php\/celebrer\/"},{"@type":"ListItem","position":3,"name":"Bapt\u00eame"}]},{"@type":"WebSite","@id":"https:\/\/paroisseherblay.fr\/#website","url":"https:\/\/paroisseherblay.fr\/","name":"Paroisse d'Herblay","description":"","publisher":{"@id":"https:\/\/paroisseherblay.fr\/#organization"},"alternateName":"ParoisseHerblay","potentialAction":[{"@type":"SearchAction","target":{"@type":"EntryPoint","urlTemplate":"https:\/\/paroisseherblay.fr\/?s={search_term_string}"},"query-input":{"@type":"PropertyValueSpecification","valueRequired":true,"valueName":"search_term_string"}}],"inLanguage":"fr-FR"},{"@type":"Organization","@id":"https:\/\/paroisseherblay.fr\/#organization","name":"Paroisse d'Herblay","url":"https:\/\/paroisseherblay.fr\/","logo":{"@type":"ImageObject","inLanguage":"fr-FR","@id":"https:\/\/paroisseherblay.fr\/#\/schema\/logo\/image\/","url":"https:\/\/paroisseherblay.fr\/wp-content\/uploads\/2023\/10\/logo_paroisse.png","contentUrl":"https:\/\/paroisseherblay.fr\/wp-content\/uploads\/2023\/10\/logo_paroisse.png","width":200,"height":207,"caption":"Paroisse d'Herblay"},"image":{"@id":"https:\/\/paroisseherblay.fr\/#\/schema\/logo\/image\/"},"sameAs":["https:\/\/www.facebook.com\/paroisse.dherblay","https:\/\/www.youtube.com\/@paroisseherblay","https:\/\/www.instagram.com\/paroisse.herblay"]}]}},"_links":{"self":[{"href":"https:\/\/paroisseherblay.fr\/index.php\/wp-json\/wp\/v2\/pages\/56","targetHints":{"allow":["GET"]}}],"collection":[{"href":"https:\/\/paroisseherblay.fr\/index.php\/wp-json\/wp\/v2\/pages"}],"about":[{"href":"https:\/\/paroisseherblay.fr\/index.php\/wp-json\/wp\/v2\/types\/page"}],"author":[{"embeddable":true,"href":"https:\/\/paroisseherblay.fr\/index.php\/wp-json\/wp\/v2\/users\/1"}],"replies":[{"embeddable":true,"href":"https:\/\/paroisseherblay.fr\/index.php\/wp-json\/wp\/v2\/comments?post=56"}],"version-history":[{"count":5,"href":"https:\/\/paroisseherblay.fr\/index.php\/wp-json\/wp\/v2\/pages\/56\/revisions"}],"predecessor-version":[{"id":2323,"href":"https:\/\/paroisseherblay.fr\/index.php\/wp-json\/wp\/v2\/pages\/56\/revisions\/2323"}],"up":[{"embeddable":true,"href":"https:\/\/paroisseherblay.fr\/index.php\/wp-json\/wp\/v2\/pages\/470"}],"wp:attachment":[{"href":"https:\/\/paroisseherblay.fr\/index.php\/wp-json\/wp\/v2\/media?parent=56"}],"curies":[{"name":"wp","href":"https:\/\/api.w.org\/{rel}","templated":true}]}}

Baptême

<p>En se faisant baptiser par Jean, Jésus, nous a ouvert le chemin pour le suivre. Le baptême est le premier des sacrements. Par lui, nous entrons dans la vie chrétienne. Il est la pierre sur laquelle va se construire toute une vie de foi faisant grandir la famille des chrétiens.</p>



<p><strong>Baptême des petits enfants de 0 à 4 ans :</strong><br>Prendre contact au moins 2 mois avant de fixer la date de la célébration.<br>Une réunion collective de parents avec le Père Samuel ou le Père Patrice ou un des diacres est prévue (elle a lieu une fois par mois), puis une autre&nbsp;dans le mois précédant le baptême, avec&nbsp;des animateurs, pour les parents qui font baptiser leur enfant le même jour, afin de bâtir la célébration.<br><br>Pour les enfants de 3 à 4 ans : un rendez-vous de préparation individuelle est proposé avec l’animatrice de l’éveil à la foi.</p>



<p><strong>Pour les enfants de 4 à 7 ans :</strong><br>Il est demandé de les inscrire à l’éveil à la foi en début d’année scolaire (une fois par mois le dimanche à 10h30) et ils pourront être baptisés en fin d’année scolaire.</p>



<p>Dans ces deux premiers cas remplissez le <strong><a data-type="link" data-id="https://forms.gle/kkH8CiuAojUeR9JH7" href="https://forms.gle/kkH8CiuAojUeR9JH7">formulaire en ligne</a></strong> sur ce lien, qui vous donnera les informations nécessaires ou <strong>contactez Laurence DAGUENET et Maria BOCCHETTI</strong> de préférence par mail à <a href="mailto:Bapteme.herblay@gmail.com" target="_blank" rel="noreferrer noopener">Bapteme.herblay@gmail.com</a>. Vous pouvez aussi l’appeler généralement le mercredi au <a data-type="tel" data-id="tel:0139971127" href="tel:0139971127">01 39 97 11 27</a> entre 16h et 18h (sauf vacances scolaires).</p>



<p><strong>A partir de 8 ans :</strong>&nbsp;Participation au Catéchisme pendant au moins une année, et préparation avec les enfants.</p>



<p><strong>Collège et Lycée</strong>&nbsp;: Participer à l’Aumônerie, et voir avec son responsable (préparations sur demande).</p>



<p><strong>Grands jeunes et adultes :</strong>&nbsp;Prendre Rendez-vous avec le Père Samuel auprès du&nbsp;<a href="https://paroisseherblay.fr/index.php/contacts/" data-type="page" data-id="16">secrétariat</a>.</p>

<p>En se faisant baptiser par Jean, Jésus, nous a ouvert le chemin pour le<span class="more-dots">&#8230;</span></p>

<!-- This site is optimized with the Yoast SEO plugin v27.5 - https://yoast.com/product/yoast-seo-wordpress/ -->
<title>Baptême - Paroisse d&#039;Herblay-sur-Seine</title>
<meta name="robots" content="index, follow, max-snippet:-1, max-image-preview:large, max-video-preview:-1" />
<link rel="canonical" href="https://paroisseherblay.fr/index.php/celebrer/bapteme/" />
<meta property="og:locale" content="fr_FR" />
<meta property="og:type" content="article" />
<meta property="og:title" content="Baptême - Paroisse d&#039;Herblay-sur-Seine" />
<meta property="og:description" content="En se faisant baptiser par Jean, Jésus, nous a ouvert le chemin pour le..." />
<meta property="og:url" content="https://paroisseherblay.fr/index.php/celebrer/bapteme/" />
<meta property="og:site_name" content="Paroisse d&#039;Herblay-sur-Seine" />
<meta property="article:publisher" content="https://www.facebook.com/paroisse.dherblay" />
<meta property="article:modified_time" content="2026-02-01T17:37:34+00:00" />
<meta name="twitter:card" content="summary_large_image" />
<meta name="twitter:label1" content="Durée de lecture estimée" />
	<meta name="twitter:data1" content="2 minutes" />
<script type="application/ld+json" class="yoast-schema-graph">{"@context":"https:\/\/schema.org","@graph":[{"@type":"WebPage","@id":"https:\/\/paroisseherblay.fr\/index.php\/celebrer\/bapteme\/","url":"https:\/\/paroisseherblay.fr\/index.php\/celebrer\/bapteme\/","name":"Baptême - Paroisse d&#039;Herblay-sur-Seine","isPartOf":{"@id":"https:\/\/paroisseherblay.fr\/#website"},"datePublished":"2023-10-24T14:26:55+00:00","dateModified":"2026-02-01T17:37:34+00:00","breadcrumb":{"@id":"https:\/\/paroisseherblay.fr\/index.php\/celebrer\/bapteme\/#breadcrumb"},"inLanguage":"fr-FR","potentialAction":[{"@type":"ReadAction","target":["https:\/\/paroisseherblay.fr\/index.php\/celebrer\/bapteme\/"]}]},{"@type":"BreadcrumbList","@id":"https:\/\/paroisseherblay.fr\/index.php\/celebrer\/bapteme\/#breadcrumb","itemListElement":[{"@type":"ListItem","position":1,"name":"Home","item":"https:\/\/paroisseherblay.fr\/"},{"@type":"ListItem","position":2,"name":"Célébrer","item":"https:\/\/paroisseherblay.fr\/index.php\/celebrer\/"},{"@type":"ListItem","position":3,"name":"Baptême"}]},{"@type":"WebSite","@id":"https:\/\/paroisseherblay.fr\/#website","url":"https:\/\/paroisseherblay.fr\/","name":"Paroisse d'Herblay","description":"","publisher":{"@id":"https:\/\/paroisseherblay.fr\/#organization"},"alternateName":"ParoisseHerblay","potentialAction":[{"@type":"SearchAction","target":{"@type":"EntryPoint","urlTemplate":"https:\/\/paroisseherblay.fr\/?s={search_term_string}"},"query-input":{"@type":"PropertyValueSpecification","valueRequired":true,"valueName":"search_term_string"}}],"inLanguage":"fr-FR"},{"@type":"Organization","@id":"https:\/\/paroisseherblay.fr\/#organization","name":"Paroisse d'Herblay","url":"https:\/\/paroisseherblay.fr\/","logo":{"@type":"ImageObject","inLanguage":"fr-FR","@id":"https:\/\/paroisseherblay.fr\/#\/schema\/logo\/image\/","url":"https:\/\/paroisseherblay.fr\/wp-content\/uploads\/2023\/10\/logo_paroisse.png","contentUrl":"https:\/\/paroisseherblay.fr\/wp-content\/uploads\/2023\/10\/logo_paroisse.png","width":200,"height":207,"caption":"Paroisse d'Herblay"},"image":{"@id":"https:\/\/paroisseherblay.fr\/#\/schema\/logo\/image\/"},"sameAs":["https:\/\/www.facebook.com\/paroisse.dherblay","https:\/\/www.youtube.com\/@paroisseherblay","https:\/\/www.instagram.com\/paroisse.herblay"]}]}</script>
<!-- / Yoast SEO plugin. -->

Baptême - Paroisse d&#039;Herblay-sur-Seine

En se faisant baptiser par Jean, Jésus, nous a ouvert le chemin pour le...

Célébrer
