{"id":738,"date":"2023-11-01T17:00:53","date_gmt":"2023-11-01T16:00:53","guid":{"rendered":"http:\/\/subpynw.cluster028.hosting.ovh.net\/?page_id=738"},"modified":"2023-11-01T17:01:04","modified_gmt":"2023-11-01T16:01:04","slug":"action-catholique-independante","status":"publish","type":"page","link":"https:\/\/paroisseherblay.fr\/index.php\/partager\/groupes-et-partage\/action-catholique-independante\/","title":{"rendered":"Action Catholique Ind\u00e9pendante"},"content":{"rendered":"\n<p>Pour approfondir le sens de notre vie, personnellement et avec ceux qui nous ressemblent, le <strong>Mouvement ACI (Action Catholique des milieux Ind\u00e9pendants)<\/strong> propose une recherche en \u00e9quipe\u00a0:<\/p>\n\n\n\n<ul class=\"wp-block-list\">\n<li>Une parole, une rencontre, un \u00e9v\u00e8nement, une situation nouvelle vous r\u00e9jouit, vous pose question, vous tient \u00e0 c\u0153ur, vous bouleverse, vous dynamise\u2026<\/li>\n\n\n\n<li>Vous avez des choix \u00e0 faire, des d\u00e9cisions \u00e0 prendre\u2026 Vous souhaitez en parler avec d\u2019autres,<\/li>\n\n\n\n<li>Faire une pause dans votre vie, prendre du recul et partager en confiance ce que vous vivez,<\/li>\n\n\n\n<li>Donner coh\u00e9rence \u00e0 votre vie ?<\/li>\n<\/ul>\n\n\n\n<p>L\u2019ACI vous propose de<strong> \u00ab\u00a0faire \u00e9quipe\u00a0\u00bb<\/strong> avec des personnes qui se posent le m\u00eame type de question. Une vie d\u2019\u00e9quipe o\u00f9 chacun a la possibilit\u00e9, individuellement ou en couple, de vivre et d\u2019approfondir sa foi m\u00eame balbutiante. Cette \u00e9quipe sera un lieu de parole, de libert\u00e9, de relecture de vie.<\/p>\n\n\n\n<p class=\"is-style-small-text\">Contact\u00a0:\u00a0\u00a0<a href=\"mailto:bernadette.christophe@gmail.com\"><u>bernadette.christophe@gmail.com<\/u><\/a><\/p>\n","protected":false},"excerpt":{"rendered":"<p>Pour approfondir le sens de notre vie, personnellement et avec ceux qui nous ressemblent,<span class=\"more-dots\">&#8230;<\/span><\/p>\n","protected":false},"author":2,"featured_media":0,"parent":117,"menu_order":0,"comment_status":"closed","ping_status":"closed","template":"","meta":{"footnotes":""},"class_list":["post-738","page","type-page","status-publish","hentry","no-post-thumbnail"],"yoast_head":"<!-- This site is optimized with the Yoast SEO plugin v27.5 - https:\/\/yoast.com\/product\/yoast-seo-wordpress\/ -->\n<title>Action Catholique Ind\u00e9pendante - Paroisse d&#039;Herblay-sur-Seine<\/title>\n<meta name=\"robots\" content=\"index, follow, max-snippet:-1, max-image-preview:large, max-video-preview:-1\" \/>\n<link rel=\"canonical\" href=\"https:\/\/paroisseherblay.fr\/index.php\/partager\/groupes-et-partage\/action-catholique-independante\/\" \/>\n<meta property=\"og:locale\" content=\"fr_FR\" \/>\n<meta property=\"og:type\" content=\"article\" \/>\n<meta property=\"og:title\" content=\"Action Catholique Ind\u00e9pendante - Paroisse d&#039;Herblay-sur-Seine\" \/>\n<meta property=\"og:description\" content=\"Pour approfondir le sens de notre vie, personnellement et avec ceux qui nous ressemblent,...\" \/>\n<meta property=\"og:url\" content=\"https:\/\/paroisseherblay.fr\/index.php\/partager\/groupes-et-partage\/action-catholique-independante\/\" \/>\n<meta property=\"og:site_name\" content=\"Paroisse d&#039;Herblay-sur-Seine\" \/>\n<meta property=\"article:publisher\" content=\"https:\/\/www.facebook.com\/paroisse.dherblay\" \/>\n<meta property=\"article:modified_time\" content=\"2023-11-01T16:01:04+00:00\" \/>\n<meta name=\"twitter:card\" content=\"summary_large_image\" \/>\n<meta name=\"twitter:label1\" content=\"Dur\u00e9e de lecture estim\u00e9e\" \/>\n\t<meta name=\"twitter:data1\" content=\"1 minute\" \/>\n<script type=\"application\/ld+json\" class=\"yoast-schema-graph\">{\"@context\":\"https:\\\/\\\/schema.org\",\"@graph\":[{\"@type\":\"WebPage\",\"@id\":\"https:\\\/\\\/paroisseherblay.fr\\\/index.php\\\/partager\\\/groupes-et-partage\\\/action-catholique-independante\\\/\",\"url\":\"https:\\\/\\\/paroisseherblay.fr\\\/index.php\\\/partager\\\/groupes-et-partage\\\/action-catholique-independante\\\/\",\"name\":\"Action Catholique Ind\u00e9pendante - Paroisse d&#039;Herblay-sur-Seine\",\"isPartOf\":{\"@id\":\"https:\\\/\\\/paroisseherblay.fr\\\/#website\"},\"datePublished\":\"2023-11-01T16:00:53+00:00\",\"dateModified\":\"2023-11-01T16:01:04+00:00\",\"breadcrumb\":{\"@id\":\"https:\\\/\\\/paroisseherblay.fr\\\/index.php\\\/partager\\\/groupes-et-partage\\\/action-catholique-independante\\\/#breadcrumb\"},\"inLanguage\":\"fr-FR\",\"potentialAction\":[{\"@type\":\"ReadAction\",\"target\":[\"https:\\\/\\\/paroisseherblay.fr\\\/index.php\\\/partager\\\/groupes-et-partage\\\/action-catholique-independante\\\/\"]}]},{\"@type\":\"BreadcrumbList\",\"@id\":\"https:\\\/\\\/paroisseherblay.fr\\\/index.php\\\/partager\\\/groupes-et-partage\\\/action-catholique-independante\\\/#breadcrumb\",\"itemListElement\":[{\"@type\":\"ListItem\",\"position\":1,\"name\":\"Home\",\"item\":\"https:\\\/\\\/paroisseherblay.fr\\\/\"},{\"@type\":\"ListItem\",\"position\":2,\"name\":\"Partager\",\"item\":\"https:\\\/\\\/paroisseherblay.fr\\\/index.php\\\/partager\\\/\"},{\"@type\":\"ListItem\",\"position\":3,\"name\":\"Groupes\",\"item\":\"https:\\\/\\\/paroisseherblay.fr\\\/index.php\\\/partager\\\/groupes-et-partage\\\/\"},{\"@type\":\"ListItem\",\"position\":4,\"name\":\"Action Catholique Ind\u00e9pendante\"}]},{\"@type\":\"WebSite\",\"@id\":\"https:\\\/\\\/paroisseherblay.fr\\\/#website\",\"url\":\"https:\\\/\\\/paroisseherblay.fr\\\/\",\"name\":\"Paroisse d'Herblay\",\"description\":\"\",\"publisher\":{\"@id\":\"https:\\\/\\\/paroisseherblay.fr\\\/#organization\"},\"alternateName\":\"ParoisseHerblay\",\"potentialAction\":[{\"@type\":\"SearchAction\",\"target\":{\"@type\":\"EntryPoint\",\"urlTemplate\":\"https:\\\/\\\/paroisseherblay.fr\\\/?s={search_term_string}\"},\"query-input\":{\"@type\":\"PropertyValueSpecification\",\"valueRequired\":true,\"valueName\":\"search_term_string\"}}],\"inLanguage\":\"fr-FR\"},{\"@type\":\"Organization\",\"@id\":\"https:\\\/\\\/paroisseherblay.fr\\\/#organization\",\"name\":\"Paroisse d'Herblay\",\"url\":\"https:\\\/\\\/paroisseherblay.fr\\\/\",\"logo\":{\"@type\":\"ImageObject\",\"inLanguage\":\"fr-FR\",\"@id\":\"https:\\\/\\\/paroisseherblay.fr\\\/#\\\/schema\\\/logo\\\/image\\\/\",\"url\":\"https:\\\/\\\/paroisseherblay.fr\\\/wp-content\\\/uploads\\\/2023\\\/10\\\/logo_paroisse.png\",\"contentUrl\":\"https:\\\/\\\/paroisseherblay.fr\\\/wp-content\\\/uploads\\\/2023\\\/10\\\/logo_paroisse.png\",\"width\":200,\"height\":207,\"caption\":\"Paroisse d'Herblay\"},\"image\":{\"@id\":\"https:\\\/\\\/paroisseherblay.fr\\\/#\\\/schema\\\/logo\\\/image\\\/\"},\"sameAs\":[\"https:\\\/\\\/www.facebook.com\\\/paroisse.dherblay\",\"https:\\\/\\\/www.youtube.com\\\/@paroisseherblay\",\"https:\\\/\\\/www.instagram.com\\\/paroisse.herblay\"]}]}<\/script>\n<!-- \/ Yoast SEO plugin. -->","yoast_head_json":{"title":"Action Catholique Ind\u00e9pendante - Paroisse d&#039;Herblay-sur-Seine","robots":{"index":"index","follow":"follow","max-snippet":"max-snippet:-1","max-image-preview":"max-image-preview:large","max-video-preview":"max-video-preview:-1"},"canonical":"https:\/\/paroisseherblay.fr\/index.php\/partager\/groupes-et-partage\/action-catholique-independante\/","og_locale":"fr_FR","og_type":"article","og_title":"Action Catholique Ind\u00e9pendante - Paroisse d&#039;Herblay-sur-Seine","og_description":"Pour approfondir le sens de notre vie, personnellement et avec ceux qui nous ressemblent,...","og_url":"https:\/\/paroisseherblay.fr\/index.php\/partager\/groupes-et-partage\/action-catholique-independante\/","og_site_name":"Paroisse d&#039;Herblay-sur-Seine","article_publisher":"https:\/\/www.facebook.com\/paroisse.dherblay","article_modified_time":"2023-11-01T16:01:04+00:00","twitter_card":"summary_large_image","twitter_misc":{"Dur\u00e9e de lecture estim\u00e9e":"1 minute"},"schema":{"@context":"https:\/\/schema.org","@graph":[{"@type":"WebPage","@id":"https:\/\/paroisseherblay.fr\/index.php\/partager\/groupes-et-partage\/action-catholique-independante\/","url":"https:\/\/paroisseherblay.fr\/index.php\/partager\/groupes-et-partage\/action-catholique-independante\/","name":"Action Catholique Ind\u00e9pendante - Paroisse d&#039;Herblay-sur-Seine","isPartOf":{"@id":"https:\/\/paroisseherblay.fr\/#website"},"datePublished":"2023-11-01T16:00:53+00:00","dateModified":"2023-11-01T16:01:04+00:00","breadcrumb":{"@id":"https:\/\/paroisseherblay.fr\/index.php\/partager\/groupes-et-partage\/action-catholique-independante\/#breadcrumb"},"inLanguage":"fr-FR","potentialAction":[{"@type":"ReadAction","target":["https:\/\/paroisseherblay.fr\/index.php\/partager\/groupes-et-partage\/action-catholique-independante\/"]}]},{"@type":"BreadcrumbList","@id":"https:\/\/paroisseherblay.fr\/index.php\/partager\/groupes-et-partage\/action-catholique-independante\/#breadcrumb","itemListElement":[{"@type":"ListItem","position":1,"name":"Home","item":"https:\/\/paroisseherblay.fr\/"},{"@type":"ListItem","position":2,"name":"Partager","item":"https:\/\/paroisseherblay.fr\/index.php\/partager\/"},{"@type":"ListItem","position":3,"name":"Groupes","item":"https:\/\/paroisseherblay.fr\/index.php\/partager\/groupes-et-partage\/"},{"@type":"ListItem","position":4,"name":"Action Catholique Ind\u00e9pendante"}]},{"@type":"WebSite","@id":"https:\/\/paroisseherblay.fr\/#website","url":"https:\/\/paroisseherblay.fr\/","name":"Paroisse d'Herblay","description":"","publisher":{"@id":"https:\/\/paroisseherblay.fr\/#organization"},"alternateName":"ParoisseHerblay","potentialAction":[{"@type":"SearchAction","target":{"@type":"EntryPoint","urlTemplate":"https:\/\/paroisseherblay.fr\/?s={search_term_string}"},"query-input":{"@type":"PropertyValueSpecification","valueRequired":true,"valueName":"search_term_string"}}],"inLanguage":"fr-FR"},{"@type":"Organization","@id":"https:\/\/paroisseherblay.fr\/#organization","name":"Paroisse d'Herblay","url":"https:\/\/paroisseherblay.fr\/","logo":{"@type":"ImageObject","inLanguage":"fr-FR","@id":"https:\/\/paroisseherblay.fr\/#\/schema\/logo\/image\/","url":"https:\/\/paroisseherblay.fr\/wp-content\/uploads\/2023\/10\/logo_paroisse.png","contentUrl":"https:\/\/paroisseherblay.fr\/wp-content\/uploads\/2023\/10\/logo_paroisse.png","width":200,"height":207,"caption":"Paroisse d'Herblay"},"image":{"@id":"https:\/\/paroisseherblay.fr\/#\/schema\/logo\/image\/"},"sameAs":["https:\/\/www.facebook.com\/paroisse.dherblay","https:\/\/www.youtube.com\/@paroisseherblay","https:\/\/www.instagram.com\/paroisse.herblay"]}]}},"_links":{"self":[{"href":"https:\/\/paroisseherblay.fr\/index.php\/wp-json\/wp\/v2\/pages\/738","targetHints":{"allow":["GET"]}}],"collection":[{"href":"https:\/\/paroisseherblay.fr\/index.php\/wp-json\/wp\/v2\/pages"}],"about":[{"href":"https:\/\/paroisseherblay.fr\/index.php\/wp-json\/wp\/v2\/types\/page"}],"author":[{"embeddable":true,"href":"https:\/\/paroisseherblay.fr\/index.php\/wp-json\/wp\/v2\/users\/2"}],"replies":[{"embeddable":true,"href":"https:\/\/paroisseherblay.fr\/index.php\/wp-json\/wp\/v2\/comments?post=738"}],"version-history":[{"count":1,"href":"https:\/\/paroisseherblay.fr\/index.php\/wp-json\/wp\/v2\/pages\/738\/revisions"}],"predecessor-version":[{"id":739,"href":"https:\/\/paroisseherblay.fr\/index.php\/wp-json\/wp\/v2\/pages\/738\/revisions\/739"}],"up":[{"embeddable":true,"href":"https:\/\/paroisseherblay.fr\/index.php\/wp-json\/wp\/v2\/pages\/117"}],"wp:attachment":[{"href":"https:\/\/paroisseherblay.fr\/index.php\/wp-json\/wp\/v2\/media?parent=738"}],"curies":[{"name":"wp","href":"https:\/\/api.w.org\/{rel}","templated":true}]}}

Action Catholique Indépendante

<p>Pour approfondir le sens de notre vie, personnellement et avec ceux qui nous ressemblent, le <strong>Mouvement ACI (Action Catholique des milieux Indépendants)</strong> propose une recherche en équipe :</p>



<ul class="wp-block-list">
<li>Une parole, une rencontre, un évènement, une situation nouvelle vous réjouit, vous pose question, vous tient à cœur, vous bouleverse, vous dynamise…</li>



<li>Vous avez des choix à faire, des décisions à prendre… Vous souhaitez en parler avec d’autres,</li>



<li>Faire une pause dans votre vie, prendre du recul et partager en confiance ce que vous vivez,</li>



<li>Donner cohérence à votre vie ?</li>
</ul>



<p>L’ACI vous propose de<strong> « faire équipe »</strong> avec des personnes qui se posent le même type de question. Une vie d’équipe où chacun a la possibilité, individuellement ou en couple, de vivre et d’approfondir sa foi même balbutiante. Cette équipe sera un lieu de parole, de liberté, de relecture de vie.</p>



<p class="is-style-small-text">Contact :  <a href="mailto:bernadette.christophe@gmail.com"><u>bernadette.christophe@gmail.com</u></a></p>

<!-- This site is optimized with the Yoast SEO plugin v27.5 - https://yoast.com/product/yoast-seo-wordpress/ -->
<title>Action Catholique Indépendante - Paroisse d&#039;Herblay-sur-Seine</title>
<meta name="robots" content="index, follow, max-snippet:-1, max-image-preview:large, max-video-preview:-1" />
<link rel="canonical" href="https://paroisseherblay.fr/index.php/partager/groupes-et-partage/action-catholique-independante/" />
<meta property="og:locale" content="fr_FR" />
<meta property="og:type" content="article" />
<meta property="og:title" content="Action Catholique Indépendante - Paroisse d&#039;Herblay-sur-Seine" />
<meta property="og:description" content="Pour approfondir le sens de notre vie, personnellement et avec ceux qui nous ressemblent,..." />
<meta property="og:url" content="https://paroisseherblay.fr/index.php/partager/groupes-et-partage/action-catholique-independante/" />
<meta property="og:site_name" content="Paroisse d&#039;Herblay-sur-Seine" />
<meta property="article:publisher" content="https://www.facebook.com/paroisse.dherblay" />
<meta property="article:modified_time" content="2023-11-01T16:01:04+00:00" />
<meta name="twitter:card" content="summary_large_image" />
<meta name="twitter:label1" content="Durée de lecture estimée" />
	<meta name="twitter:data1" content="1 minute" />
<script type="application/ld+json" class="yoast-schema-graph">{"@context":"https:\/\/schema.org","@graph":[{"@type":"WebPage","@id":"https:\/\/paroisseherblay.fr\/index.php\/partager\/groupes-et-partage\/action-catholique-independante\/","url":"https:\/\/paroisseherblay.fr\/index.php\/partager\/groupes-et-partage\/action-catholique-independante\/","name":"Action Catholique Indépendante - Paroisse d&#039;Herblay-sur-Seine","isPartOf":{"@id":"https:\/\/paroisseherblay.fr\/#website"},"datePublished":"2023-11-01T16:00:53+00:00","dateModified":"2023-11-01T16:01:04+00:00","breadcrumb":{"@id":"https:\/\/paroisseherblay.fr\/index.php\/partager\/groupes-et-partage\/action-catholique-independante\/#breadcrumb"},"inLanguage":"fr-FR","potentialAction":[{"@type":"ReadAction","target":["https:\/\/paroisseherblay.fr\/index.php\/partager\/groupes-et-partage\/action-catholique-independante\/"]}]},{"@type":"BreadcrumbList","@id":"https:\/\/paroisseherblay.fr\/index.php\/partager\/groupes-et-partage\/action-catholique-independante\/#breadcrumb","itemListElement":[{"@type":"ListItem","position":1,"name":"Home","item":"https:\/\/paroisseherblay.fr\/"},{"@type":"ListItem","position":2,"name":"Partager","item":"https:\/\/paroisseherblay.fr\/index.php\/partager\/"},{"@type":"ListItem","position":3,"name":"Groupes","item":"https:\/\/paroisseherblay.fr\/index.php\/partager\/groupes-et-partage\/"},{"@type":"ListItem","position":4,"name":"Action Catholique Indépendante"}]},{"@type":"WebSite","@id":"https:\/\/paroisseherblay.fr\/#website","url":"https:\/\/paroisseherblay.fr\/","name":"Paroisse d'Herblay","description":"","publisher":{"@id":"https:\/\/paroisseherblay.fr\/#organization"},"alternateName":"ParoisseHerblay","potentialAction":[{"@type":"SearchAction","target":{"@type":"EntryPoint","urlTemplate":"https:\/\/paroisseherblay.fr\/?s={search_term_string}"},"query-input":{"@type":"PropertyValueSpecification","valueRequired":true,"valueName":"search_term_string"}}],"inLanguage":"fr-FR"},{"@type":"Organization","@id":"https:\/\/paroisseherblay.fr\/#organization","name":"Paroisse d'Herblay","url":"https:\/\/paroisseherblay.fr\/","logo":{"@type":"ImageObject","inLanguage":"fr-FR","@id":"https:\/\/paroisseherblay.fr\/#\/schema\/logo\/image\/","url":"https:\/\/paroisseherblay.fr\/wp-content\/uploads\/2023\/10\/logo_paroisse.png","contentUrl":"https:\/\/paroisseherblay.fr\/wp-content\/uploads\/2023\/10\/logo_paroisse.png","width":200,"height":207,"caption":"Paroisse d'Herblay"},"image":{"@id":"https:\/\/paroisseherblay.fr\/#\/schema\/logo\/image\/"},"sameAs":["https:\/\/www.facebook.com\/paroisse.dherblay","https:\/\/www.youtube.com\/@paroisseherblay","https:\/\/www.instagram.com\/paroisse.herblay"]}]}</script>
<!-- / Yoast SEO plugin. -->

Action Catholique Indépendante - Paroisse d&#039;Herblay-sur-Seine
